*3 - 5*i**2 + 2*i + 3. Let y(a) = -a**2. Let h = -10 + 19. Let f = h + -14. Let m(b) = f*y(b) + s(b). Give m(-2).
-9
Let y(v) = -7 + v**2 + 23 - 2*v - 11. Let r = 7 + -3. Give y(r).
13
Let z(w) = -3*w**3 + 5*w**2 + 5*w - 17. Let y(l) = -4*l**3 + 7*l**2 + 7*l - 25. Let m(h) = -5*y(h) + 7*z(h). Let d = -15 + 15. Give m(d).
6
Let f be 0/((-3 - -1)*1). Suppose -c = -5*l + l - 18, f = -c + 3*l + 14. Let z(g) = -5*g - 9. Let t(n) = -4*n - 8. Let b(m) = -7*t(m) + 6*z(m). Determine b(c).
-2
Let l(t) be the second derivative of t**5/20 - t**4/6 - 2*t**3/3 + t**2 - 11*t. Calculate l(3).
-1
Let v(y) = 5*y + 0*y - y - 3 - y**2. Let z be v(3). Let f(k) = k - 8. Calculate f(z).
-8
Suppose 2*b + 1 - 7 = 0. Suppose -4*d = -b*d - 9. Let l = d - 8. Let p(y) = -y**2 + y - 1. Calculate p(l).
-1
Let k(a) = -23*a. Let z(u) = -8*u. Let h(f) = 6*k(f) - 17*z(f). Let i be 0 + 2 + 60/(-12). Calculate h(i).
6
Let x(f) = -5*f - 31. Let j(c) = c + 6. Let s = 24 - 35. Let d(m) = s*j(m) - 2*x(m). Determine d(6).
-10
Let n(i) = i + 2. Let k be (-5)/(-2) - 6/12. Suppose 0 = 5*b + 2 + 3, 5*p = 2*b + k. Calculate n(p).
2
Let m(y) = -y**2 - 10*y - 4. Let d be m(-9). Let x be 4/(-10) + (-27)/(-5). Let j(g) = g - 4 - 2 + x. Give j(d).
4
Let c(u) = -u + 10. Let h(t) = -t + 7. Let z(v) = 5*c(v) - 7*h(v). Determine z(5).
11
Let i(y) = -8*y - 2. Let n(h) = h + 1. Let w(b) = -i(b) - 6*n(b). Determine w(3).
2
Suppose -14*a + 11*a = -30. Let u(f) = f**2 - 9*f - 13. Determine u(a).
-3
Let s(m) = -m**2 - 5*m + 2. Let l = -126 + 120. Calculate s(l).
-4
Suppose -2*c = -7*c + 105. Suppose 0 = t - 3*p - 3, 5*t + c = -3*p - 0*p. Let f(z) = -z + 3 - 3*z**2 + z**2 + 1. Give f(t).
-11
Let m(v) = 4*v**3 + 9*v**2 + 2*v + 6. Let t(y) = -2*y - 9. Let k be t(-7). Let a(u) = -u**3 - u**2 - u - 1. Let d(s) = k*a(s) + m(s). Let g = 10 - 7. Give d(g).
1
Let p(t) = -t**2 - t + 5. Let k be (8/8)/(2/8). Let r be (k - (1 - -5))*2. What is p(r)?
-7
Let u(k) = -k**3 - 8*k**2 - 7*k - 4. Let v be u(-7). Let a(b) = b**2 + 4*b + 1. Determine a(v).
1
Let o(s) = s**2 - 5*s + 1. Let i be 4/(1 - (-2)/2). Suppose -7 - 53 = i*k. Let m be k/4*8/(-12). Calculate o(m).
1
Let o(g) = 3*g**3 + g**2 + 12*g - 12. Let m(d) = d**3 + d**2 + 6*d - 6. Let q(c) = -5*m(c) + 2*o(c). Let x be (-2 + 10/4)*8. Give q(x).
-2
Let y(r) = -r**2 + 4*r + 2. Let w(q) = -q**3 + 12*q**2 + 7. Let x be w(12). Let p(h) = h**3 - 8*h**2 + 9*h - 10. Let c be p(x). What is y(c)?
2
Let j(m) = m**3 + 3*m**2 - 4*m - 3. Suppose 6*d - 1 = -25. What is j(d)?
-3
Let j(c) be the second derivative of c**3/6 - c**2/2 + 16*c. Calculate j(-7).
-8
Let z(r) = r - 7. Suppose 24 = g + 3*g. Suppose -g*d = -4*d + 2. Let n = d - -1. Calculate z(n).
-7
Suppose 12 = -3*y - 2*c, -5*y - 3*c + 7*c - 42 = 0. Let h(v) = v**2 + 5*v - 6. Calculate h(y).
0
Let k(p) = p**2 - 5. Suppose 5*j - 15 = 5*v - 0, -4*j + 28 = 4*v. Suppose a = -v*a. What is k(a)?
-5
Let u(n) = 3*n + 3. Suppose 7 - 3 = s. Let t = s - -2. Let g = 4 - t. Determine u(g).
-3
Let m(c) = 17*c - 7. Let a(t) = -8*t + 3. Let x(q) = -5*a(q) - 2*m(q). Give x(-1).
-7
Let c(s) = -s - 1. Let t(j) = j**2 - 10*j + 3. Let y(k) = -4*c(k) + t(k). What is y(5)?
2
Let y(m) = 2 - 8 - 2*m + 1. Suppose -3*i = -5*i - 2, -2*p = i - 19. Let w be (p/(-4))/(3/6). What is y(w)?
5
Let m be (-8)/(0 - (4 + -3)). Let x(f) = 8*f - f**2 - m - 8*f. Calculate x(0).
-8
Let a(d) = -17 - d**2 + 10 + 6*d + 0*d**2. Suppose 4*r + 2*h + 0*h = 14, -r - 4 = 3*h. Give a(r).
-2
Suppose -3*b + 12 = -0*b. Let u(a) be the third derivative of -a**4/12 + a**3/6 + 3*a**2. What is u(b)?
-7
Let j(q) = 6*q + 5. Let m(t) = 13*t + 9. Let k(y) = -9*j(y) + 4*m(y). Give k(-6).
3
Let o(m) be the first derivative of -m**4/4 + m**2/2 - m + 27. Determine o(2).
-7
Let k(t) = t + 1. Suppose -3*r - 2*r = 2*g + 33, -r - 5*g - 25 = 0. Let d = -2 - r. Give k(d).
4
Let b(s) be the third derivative of -s**4/24 - s**3/2 + 25*s**2. What is b(8)?
-11
Let j(m) = -m**3 - 3*m**2 + m - 4. Let y = -20 - -33. Suppose -4*l - t + 15 = -0*t, 0 = -2*l + 5*t + y. Suppose g = -l*g - 15. Give j(g).
-7
Suppose 0 = -4*p + k - 2*k + 13, p = 3*k. Let t(z) = -5 - z**p + 14 - 327*z + z**2 + 326*z. Give t(0).
9
Let t(s) = s + 1. Let f be t(-1). Let r(z) = 4 - 6 + 0 - 5 + z. What is r(f)?
-7
Let x = 4 - 0. Let s(a) = 5 + 5 - x + 1 + a. Calculate s(-3).
4
Let w = 2 - 15/8. Let r(g) be the third derivative of -w*g**4 + 0 - 1/60*g**5 - g**3 + g**2 + 0*g. Give r(-4).
-10
Let b(g) be the third derivative of -g**6/120 + g**5/12 - g**4/8 + g**3 + 2*g**2. Give b(5).
-9
Let i(z) = -3*z. Let f(o) = 2*o - 1. Let t = 11 + -7. Let v(a) = t*f(a) + 3*i(a). Let d be v(-6). Let g(w) = -2*w**2 + 2*w. Calculate g(d).
-4
Suppose 5*y + 0*y - 35 = 3*j, -12 = -3*y. Let d(v) be the third derivative of v**2 - 1/6*v**4 - 1/60*v**5 + 0*v**3 + 0 + 0*v. Determine d(j).
-5
Let x be (-2)/4 - (-45)/18. Let v(b) = -b + x*b + 12 - 12. Let k = -3 + 1. Calculate v(k).
-2
Let c(o) = -o**3 - 4*o**2 - 2*o - 3. Suppose 2*l - 8 = -0*y - 4*y, -y + 5 = 2*l. Let t = l - 6. What is c(t)?
5
Let z(o) = -o**2 - 8*o + 10. Let r be z(-9). Let y(u) = -5*u**3 - 1. Determine y(r).
-6
Suppose -3*y = -y + 3*s - 14, -s = -2*y + 14. Let k(t) = -1 - y*t**2 - 2*t - 1 - 1 + 2. What is k(-1)?
-6
Suppose -60 = 4*v + 8*v. Let i(l) = -13*l - 17. Let d(c) = 7*c + 9. Let h(x) = -11*d(x) - 6*i(x). Calculate h(v).
-2
Suppose -k - 4*u + 13 = 0, 3*k - 8*u + 3*u = 22. Let h(t) = -t**2 + 9*t - 6. What is h(k)?
-6
Let d(x) = 1. Let w(p) = p - 1. Let h(g) = -5*d(g) - w(g). Give h(-7).
3
Let g(b) = 5*b**2 + 3*b + 13. Let q(c) = -c**2 - c - 1. Let h(j) = -g(j) - 6*q(j). Give h(-5).
3
Let n(u) be the first derivative of u**5/30 + u**4/6 + 2*u**3/3 - 3. Let g(h) be the third derivative of n(h). Give g(-3).
-8
Let r(y) be the third derivative of y**4/24 + 7*y**3/6 + y**2. Let m = 32 - 35. Let h(o) = 2*o + 15. Let s(v) = m*h(v) + 7*r(v). Determine s(4).
8
Suppose 4*z = -4*a + 5 - 21, -16 = 5*a + 4*z. Let f = -2 - a. Let l(y) = 2*y**2 + 3*y + 3. Calculate l(f).
5
Let u(c) = c**3 - c**2 + 1. Let t(o) = -5*o**3 + 2*o**2 + o - 8. Let x(h) = -t(h) - 4*u(h). Let f be (-7)/2 + (-10)/80*-4. What is x(f)?
-2
Let i(y) = -y - 6. Let m = -21 + 20. Let n be (0*3/6)/m. What is i(n)?
-6
Let a(z) = -2*z**2 + z**2 + z + 0*z**2 - 2*z**2. Determine a(-1).
-4
Let q(u) = -4*u + 11. Let c(r) = 3*r - 10. Let a(t) = 5*c(t) + 4*q(t). What is a(-6)?
0
Let d(w) be the third derivative of w**6/24 - w**5/60 - w**4/12 - w**3/6 - 4*w**2. Let a be d(-1). Let v(t) = t**3 + 5*t**2 - 3. Give v(a).
-3
Let y(t) be the first derivative of 2 + 0*t + 1/2*t**2. Suppose -2*c = 2*x + 13 + 3, 0 = 2*x - 2*c + 8. Give y(x).
-6
Let x be 4 - -2*3/(-6). Suppose 0 = x*l - 5*v - 18, l - 4 = -3*v + 4*v. Let d(b) = -b**3 - 2*b**2 + 1. Determine d(l).
-2
Let o(j) = -j**3 - 5*j**2 - 2*j - 7. Let m = 2 - 14. Let q(v) = 8*v**2 + v. Let a be q(-1). Let h = a + m. Determine o(h).
3
Let h(j) = -2*j - 56. Let v be h(-25). Let u(q) = -q**3 - 6*q**2 - q - 6. Determine u(v).
0
Let c(t) = 3*t + 7. Let y = -3 + 2. Let f(u) = 6*u + 1. Let q be f(y). Determine c(q).
-8
Let k = 0 + -4. Let g(x) = -x**2 + 1. Give g(k).
-15
Let i(n) = -3 + 3 - 1 - n. What is i(2)?
-3
Let u = 17 - 2. Let j be u/10 - (-10)/(-4). Let c(x) = -6*x**3 - 2 + 3 + 3*x - 2*x. Give c(j).
6
Suppose -2*o + 9*o + 21 = 0. Let m(w) = w**2 + 2*w + 2. Give m(o).
5
Let c be (3 - (-2 - -4)) + 2. Let x(o) be the second derivative of 0 + 1/2*o**3 + 0*o**2 - 3*o - 1/6*o**4. Determine x(c).
-9
Let l(m) = 3*m**2 + 3*m. Let x(h) = -h**3 - 3*h**2 + 6*h + 6. Let f be x(-4). Calculate l(f).
6
Suppose 0 = -2*b + i + 8, -2*b - 2*i = 2*i + 12. Let l(c) = -2 - b - 2*c - 1 + 3. What is l(2)?
-6
Suppose 2*y - 13 + 3 = 0. Let r(g) = -y + 8 - 5 + g + g. What is r(3)?
4
Suppose 0 = -3*m - 3 - 0. Let u(p) = -3*p - p**3 + 4*p**2 + 4*p - 3*p**2. What is u(m)?
1
Suppose -3*v + 6 = 0, -3*t - 16 = -6*t - 2*v. Suppose t*z - 3 = 1. Let c(s) = -6*s**2 - 1. What is c(z)?
-7
Let g = 22 + -19. Let t(i) = 0 + 2*i - i + g - 1. Give t(-3).
-1
Let q(b) = -3*b**3 + 5*b**2 + b - 3. Let o(l) = 2*l**3 - 4*l**2 - l + 2. Let j(c) = 4*o(c) + 3*q(c). Determine j(-1).
0
Let t(c) = c**2 - 3*c + 3. Let l = 7 - 3. Let m = l - 2. Suppose -m*b = 3*b - 10. What is t(b)?
1
Let d(b) be the first derivative of b**3/3 - 5*b**2/2 - b - 24. Dete